{"id":4,"date":"2011-06-23T08:49:58","date_gmt":"2011-06-23T06:49:58","guid":{"rendered":"https:\/\/iuaviabelfjea.byteway.dev\/?page_id=4"},"modified":"2024-11-06T13:40:31","modified_gmt":"2024-11-06T12:40:31","slug":"mannerschmiede","status":"publish","type":"page","link":"https:\/\/maennerschmie.de\/index.php\/mannerschmiede\/","title":{"rendered":"Die M\u00e4nnerschmiede"},"content":{"rendered":"<p>Hier finden Sie\u00a0<a href=\"https:\/\/iuaviabelfjea.byteway.dev\/index.php\/das-trainingder-workshop\/\">m\u00e4nner-spezifische Pers\u00f6nlichkeits- Entwicklung, pers\u00f6nliches Wachstum in Workshops\/ Trainings, Coachings und Netzwerken.<\/a><\/p>\n<p>Zun\u00e4chst ist es eine brisante Entscheidung, die Mut abverlangt:<a href=\"https:\/\/iuaviabelfjea.byteway.dev\/wp-content\/uploads\/2020\/10\/Geheimnis-Glueck-Freiheit-Mut.jpg\" data-src=\"https:\/\/iuaviabelfjea.byteway.dev\/wp-content\/uploads\/2020\/10\/Geheimnis-Glueck-Freiheit-Mut.jpg\" data-thumb=\"https:\/\/iuaviabelfjea.byteway.dev\/wp-content\/uploads\/2020\/10\/Geheimnis-Glueck-Freiheit-Mut-e1602419995337-300x199.jpg\" class=\"ml-lightbox-enabled\"><img loading=\"lazy\" decoding=\"async\" class=\"alignright wp-image-1679 size-medium\" src=\"https:\/\/iuaviabelfjea.byteway.dev\/wp-content\/uploads\/2020\/10\/Geheimnis-Glueck-Freiheit-Mut-e1602419995337-300x199.jpg\" alt=\"\" width=\"300\" height=\"199\" srcset=\"https:\/\/maennerschmie.de\/wp-content\/uploads\/2020\/10\/Geheimnis-Glueck-Freiheit-Mut-e1602419995337-300x199.jpg 300w, https:\/\/maennerschmie.de\/wp-content\/uploads\/2020\/10\/Geheimnis-Glueck-Freiheit-Mut-e1602419995337.jpg 611w\" sizes=\"auto, (max-width: 300px) 100vw, 300px\" \/><\/a><br \/>\nEin Mann, der sich daf\u00fcr entschieden hat, seines Gl\u00fcckes Schmied zu sein, gestaltet das rohe St\u00fcck Eisen (m\u00f6glichst ein &#8220;ganz hei\u00dfes Eisen&#8221;!) nach dem Bild, das er von seinem Ziel, seinem Gl\u00fcck im Kopf hat: In der M\u00e4nnerschmiede steht Mann kraftvoll in der Hitze zwischen Esse und Amboss, in den H\u00e4nden den Hammer und die Zange, die das Werkst\u00fcck festh\u00e4lt, es wandert zwischen Esse, Amboss und Wasser, so bearbeitet der Mann mit Kraft und Sorgfalt sein Werkst\u00fcck, sein Gl\u00fcck, er schaut auf sich und sein Werkst\u00fcck, Schweiss rinnt, und es wird \u2026<br \/>\nDas ist die M\u00e4nnerschmiede: &#8220;Mehr LEISTEN!&#8221; ist nicht unser Ansatz, mehr der Perspektiven- und damit HALTUNGSwandel : Ich bin f\u00fcr MEIN Leben verantwortlich &#8211; und frei!<\/p>\n<p>\u201e<em>Und wuchs das Wort Dir im Mund,<\/em><br \/>\n<em>so wuchs in die Hand Dir die Kette.<\/em><br \/>\n<em>Ziehe nun das Weltall zu Dir.<\/em><br \/>\n<em>Ziehe! Sonst wirst Du geschleift.<\/em>&#8221; (Hugo von Hoffmannsthal)<\/p>\n<p>Die reale M\u00e4nnerschmiede, das sind Pr\u00e4senz- Workshops, Trainings, in denen wir gemeinsam uns der Kette bewusst werden und die einzelnen Kettenglieder ebenso bewusst zu schmieden, um so im Lauf der Zeit immer mehr vom \u201eGeschleiften\u201c zum Gestalter zu werden. Die Entscheidung, in Be-Ruf oder BeZieh-ung Ziehender oder Geschleifter zu werden, liegt bei Ihnen. Sie sind der Entscheidende, Sie sind der Handelnde: Sie sind der Schmied. Ab jetzt&#8230;<br \/>\n<a href=\"https:\/\/iuaviabelfjea.byteway.dev\/index.php\/das-trainingder-workshop\/\" target=\"_blank\" rel=\"noopener noreferrer\">Weitergehen in die REALE Schmiede, zu den Workshops!<\/a><\/p>\n<p><strong>Hintergrund<\/strong><\/p>\n<p>Ob Emanzipation oder Scheidungsrecht, Frauenquote oder Defizite in der Jungenbildung, ob in der \u00d6ffentlichkeit, beruflich oder privat &#8211; M\u00e4nner haben\u00b4s zunehmend schwerer, sich neu zu definieren. Nur wer mit gesundem Selbstwert und -gef\u00fchl ausgestattet ist, seine eigene Position kennt, wer sich &#8220;pers\u00f6nlich ent-wickelt&#8221; hat, der kann sich abgrenzen, seinen Standpunkt verteidigen und durchsetzen. Und zu wissen, wo man(n) anf\u00e4ngt und wo man(n) aufh\u00f6rt, ist eine der elementarsten Erkenntnisse jeden Mannes.<br \/>\nWir unterst\u00fctzen M\u00e4nner dabei im Team &#8211; mit Erfahrung, Herz und Verstand.<\/p>\n<p><strong>Das Ziel \/ die Resultate<\/strong><\/p>\n<ul>\n<li>Berufliche Klarheit, Entscheidungen f\u00fcr ZIELE, Struktur und ERFOLG<\/li>\n<li>Zufriedenheit mit sich selbst, gesunder, positiver Selbst-Wert<\/li>\n<li>Private Stabilit\u00e4t in Beziehungen<\/li>\n<li>m\u00e4nnliche Perspektiven und Kommunikation<\/li>\n<\/ul>\n<p>Sie werden mit den drei Eckpfeilern Ihrer Existenz konfrontiert. Vorausgesetzt, Sie wollen das und sehen f\u00fcr sich einen Nutzen darin. Da nicht jeder Mann auf alle Facetten seines Lebens schauen m\u00f6chte, haben wir unser Angebot differenziert aufgebaut. Nach Themen, die gerade aktuell sind und Kl\u00e4rung brauchen. Sie w\u00e4hlen. Ihre (M\u00e4nner-)Themen.<\/p>\n<p><strong>Der Weg \/ die Philosophie<\/strong><\/p>\n<p>\u201eEs gibt nichts Gutes, au\u00dfer man tut es\u201c (Erich K\u00e4stner), das hei\u00dft hier: anmelden, hingehen, mitmachen, Erfolge genie\u00dfen.<\/p>\n<p>Um beiden Seiten den Einstieg zu erleichtern, gibt es einen\u00a0 Einf\u00fchrungsabend, am Freitag. Damit Sie uns kennenlernen. Damit Sie sich selbst kennenlernen. Und die anderen M\u00e4nner. Und um schon ein Riesenpaket an Ideen, Anregungen und Hilfestellungen f\u00fcr das t\u00e4gliche Leben mitzunehmen.\u00a0 Am Samstag und Sonntag wird gearbeitet.<\/p>\n<p><strong>Die K\u00f6pfe<a href=\"https:\/\/iuaviabelfjea.byteway.dev\/wp-content\/uploads\/2020\/10\/IMG_4254-2.jpg\" data-src=\"https:\/\/iuaviabelfjea.byteway.dev\/wp-content\/uploads\/2020\/10\/IMG_4254-2.jpg\" data-thumb=\"https:\/\/iuaviabelfjea.byteway.dev\/wp-content\/uploads\/2020\/10\/IMG_4254-2-187x300.jpg\" class=\"ml-lightbox-enabled\"><img loading=\"lazy\" decoding=\"async\" class=\"size-medium wp-image-1666 alignright\" src=\"https:\/\/iuaviabelfjea.byteway.dev\/wp-content\/uploads\/2020\/10\/IMG_4254-2-187x300.jpg\" alt=\"\" width=\"187\" height=\"300\" srcset=\"https:\/\/maennerschmie.de\/wp-content\/uploads\/2020\/10\/IMG_4254-2-187x300.jpg 187w, https:\/\/maennerschmie.de\/wp-content\/uploads\/2020\/10\/IMG_4254-2.jpg 459w\" sizes=\"auto, (max-width: 187px) 100vw, 187px\" \/><\/a><\/strong><\/p>\n<p><em>Thomas Vent, Dipl.-Kfm. Jahrgang. 1958, Systemischer Berater und Coach, Trainer seit 1984, geschieden, (im Frieden mit der Ex!), leider keine eigenen Kinder. Daf\u00fcr umfangreiche Patchwork- Familienerfahrungen. Personal- und Pers\u00f6nlichkeitsentwicklung seit 1993. Lebensk\u00fcnstler, radikaler Freigeist.<\/em><\/p>\n<p><em>Uli Fischer Transformations-Coach &#8230;<\/em><\/p>\n<p>F\u00fcr die Beziehungs- Trainings unterst\u00fctzen Sie und mich zwei wunderbare, starke, sehr weibliche Frauen, abwechselnd Martina H\u00f6llriegl und Agnes Fischer.<\/p>\n<p>Wir zusammen, Sie und ich in den Workshops verf\u00fcgen \u00fcber einen reichen Erfahrungsschatz zum Thema erfolgreichen (!) Mannseins. Und weil wir so unterschiedlich sind, erg\u00e4nzen wir uns. Das gibt unserer Arbeit eine gewisse Spannung. M\u00e4nner f\u00fcr andere M\u00e4nner \u2013 zum Anleiten, diskutieren, mit- und f\u00fcr einander pr\u00e4sent.<\/p>\n<p>Neugierig? dann <a href=\"https:\/\/iuaviabelfjea.byteway.dev\/index.php\/das-trainingder-workshop\/\" rel=\"noopener noreferrer\">weitergehen in die REALE Schmiede, zu den Workshops!<\/a><\/p>\n","protected":false},"excerpt":{"rendered":"<p>Hier finden Sie\u00a0m\u00e4nner-spezifische Pers\u00f6nlichkeits- Entwicklung, pers\u00f6nliches Wachstum in Workshops\/ Trainings, Coachings und Netzwerken. Zun\u00e4chst ist es eine brisante Entscheidung, die Mut abverlangt: Ein Mann, der sich daf\u00fcr entschieden hat, seines Gl\u00fcckes Schmied zu sein, gestaltet das rohe St\u00fcck Eisen (m\u00f6glichst ein &#8220;ganz hei\u00dfes Eisen&#8221;!) nach dem Bild, das er von seinem Ziel, seinem Gl\u00fcck im [&hellip;]<\/p>\n","protected":false},"author":2,"featured_media":0,"parent":0,"menu_order":1,"comment_status":"closed","ping_status":"closed","template":"","meta":{"_monsterinsights_skip_tracking":false,"_monsterinsights_sitenote_active":false,"_monsterinsights_sitenote_note":"","_monsterinsights_sitenote_category":0,"footnotes":""},"class_list":["post-4","page","type-page","status-publish","hentry"],"_links":{"self":[{"href":"https:\/\/maennerschmie.de\/index.php\/wp-json\/wp\/v2\/pages\/4","targetHints":{"allow":["GET"]}}],"collection":[{"href":"https:\/\/maennerschmie.de\/index.php\/wp-json\/wp\/v2\/pages"}],"about":[{"href":"https:\/\/maennerschmie.de\/index.php\/wp-json\/wp\/v2\/types\/page"}],"author":[{"embeddable":true,"href":"https:\/\/maennerschmie.de\/index.php\/wp-json\/wp\/v2\/users\/2"}],"replies":[{"embeddable":true,"href":"https:\/\/maennerschmie.de\/index.php\/wp-json\/wp\/v2\/comments?post=4"}],"version-history":[{"count":8,"href":"https:\/\/maennerschmie.de\/index.php\/wp-json\/wp\/v2\/pages\/4\/revisions"}],"predecessor-version":[{"id":2329,"href":"https:\/\/maennerschmie.de\/index.php\/wp-json\/wp\/v2\/pages\/4\/revisions\/2329"}],"wp:attachment":[{"href":"https:\/\/maennerschmie.de\/index.php\/wp-json\/wp\/v2\/media?parent=4"}],"curies":[{"name":"wp","href":"https:\/\/api.w.org\/{rel}","templated":true}]}}