{"id":252,"date":"2011-09-06T18:19:13","date_gmt":"2011-09-06T16:19:13","guid":{"rendered":"https:\/\/iuaviabelfjea.byteway.dev\/?page_id=252"},"modified":"2011-09-06T18:19:13","modified_gmt":"2011-09-06T16:19:13","slug":"seminare-fur-manner-in-salzburg","status":"publish","type":"page","link":"https:\/\/maennerschmie.de\/index.php\/seminare-fur-manner-in-salzburg\/","title":{"rendered":"Seminare f\u00fcr M\u00e4nner in Salzburg"},"content":{"rendered":"<p>Die Basis unserer Arbeit im M\u00e4nnerseminar ist das Vertrauen: Wir sind keine Stars, wir sind keine Helden, wir sind alle ganz normale M\u00e4nner, die Sorgen und Probleme haben. Manche m\u00f6gen leicht erscheinen, andere un\u00fcberwindbar. Aber im Team erarbeiten wir L\u00f6sungen w\u00e4hrend des M\u00e4nnerseminars.<\/p>\n<p>Besser als Stuhlkreis, B\u00e4ume umarmen, Trommeln f\u00fcr den Weltfrieden&#8230;: In unserem M\u00e4nnerseminar packen wir Probleme an, um sie zu l\u00f6sen. Wir M\u00e4nner im M\u00e4nnerseminar sind pragmatisch: Wir stellen uns unseren Aufgaben, wir packen gemeinsam Probleme an, wir erarbeiten L\u00f6sungswege. Gehen musst Du diese L\u00f6sungswege selbst.<\/p>\n<p><strong>Ein M\u00e4nnerseminar beginnt bei Ihnen selbst. Ohne Schnickschnack.<\/strong><\/p>\n<p>In der Regel funktioniert ein M\u00e4nner-Seminar so, dass es einen Referenten gibt, der sich in ein Thema eingearbeitet hat. Bei unserem M\u00e4nner-Seminar sind Sie der Referent. Es ist Ihr Thema, und niemand kann das besser darstellen als Sie selbst. Die anschlie\u00dfende Diskussion und Reflexion ist das eigentlich wertvolle am M\u00e4nnerseminar. Denn ab hier geht\u2019s erst richtig los: Was hat bislang gefehlt, von wo ab wurde der Karren in den Dreck gefahren? Nicht zur\u00fcck und mit Vollgas noch mal rein, sondern die Abzweigung suchen und beachten, was auf dem neuen Wegst\u00fcck anders sein wird.<\/p>\n<p>Denn jeder Einzelne von uns, wir M\u00e4nner-Coaches wie die anderen Teilnehmer selbst, sind \u00e4hnliche Wege gegangen und haben uns oft verirrt. Den Unterschied machen Sie f\u00fcr sich, indem Sie sicch auf die Erfahrung und Empfehlungen von uns Coaches f\u00fcr M\u00e4nner und den anderen Teilnehmer einlassen, pr\u00fcfen und annehmen, was f\u00fcr Sie wertvoll ist.<\/p>\n<p>Spannend sind auch immer die Beitr\u00e4ge der \u00fcbrigen Seminarteilnehmer: aus eigener Erfahrung wissen wir, dass gerade die M\u00e4nner-Themen der vermeintlich langweiligsten M\u00e4nner enormes Potential f\u00fcr uns selbst beinhalten. So wachsen bei uns auch Freundschaften.<\/p>\n<p>Unser M\u00e4nnerseminar ist weit mehr, als Fluchten in Arbeit, Alkohol, Sex, Extremsport, Reisen etc. je leisten k\u00f6nnen: Es ist m\u00e4nnlich und macht gl\u00fccklich.<\/p>\n<p><strong>Unser M\u00e4nnerseminar baut sich logisch auf.<\/strong><\/p>\n<p>Wir haben unser M\u00e4nnerseminar der M\u00e4nnerschmie.de versucht, logisch aufzubauen und jeden Lebensbereich eines Mannes mitzunehmen. Begonnen bei unserem Einf\u00fchrungswochenende f\u00fcr M\u00e4nner geht es dann \u2013 im Auswahlverfahren f\u00fcr jeden Teilnehmer \u2013 in die einzelnen gro\u00dfen Bereiche:<\/p>\n<ul>\n<li>Wurzeln, Ziele und Herkunft: Eltern | Ich-Konzept | Integrit\u00e4t &amp; Wort<\/li>\n<li>Miteinander: Als Paar, mit Freunden. Beziehung | Schattenarbeit | Sexualit\u00e4t<\/li>\n<li>Verk\u00f6rperung: Gesundheit\/Krankheit | K\u00f6rper | Tod<\/li>\n<li>Gegenwart und Zukunftspotenziale: Beruf(ung) | F\u00fchrung | Macht<\/li>\n<\/ul>\n<p>Unser M\u00e4nnerseminar hat den Vorteil, dass wir diese Themen aus der Sicht eines Mannes angehen und Sie nicht w\u00e4hrend und nach dem Seminar einen Transfer von einer allgemeing\u00fcltigen Sichtweise zu einer m\u00e4nnlichen Sichtweise machen m\u00fcssen. Wir sind M\u00e4nner, wir geben ein M\u00e4nnerseminar und bei uns steht der Mann im Mittelpunkt. Ohne Wenn und Aber.<\/p>\n<p>Salzburg und das Salzburger Land beinhaltet unter anderem folgende Orte: Salzburg, Salzburg-Stadt, Salzuburg-Umgebung, Hallein, Saalfelden, Sankt Johann im Pongau, Bischofshofen, Zell am See, Tamsweg, Seekirchen am Wallersee, Oberndorf bei Salzburg, Neumarkt am Wallersee, Radstadt, Bergheim, Hallwang, Koppl, Elsbethen, Anif, Gr\u00f6dig, Wals-Siezenheim, Freilassing, Mittersill.<\/p>\n","protected":false},"excerpt":{"rendered":"<p>Die Basis unserer Arbeit im M\u00e4nnerseminar ist das Vertrauen: Wir sind keine Stars, wir sind keine Helden, wir sind alle ganz normale M\u00e4nner, die Sorgen und Probleme haben. Manche m\u00f6gen leicht erscheinen, andere un\u00fcberwindbar. Aber im Team erarbeiten wir L\u00f6sungen w\u00e4hrend des M\u00e4nnerseminars. Besser als Stuhlkreis, B\u00e4ume umarmen, Trommeln f\u00fcr den Weltfrieden&#8230;: In unserem M\u00e4nnerseminar [&hellip;]<\/p>\n","protected":false},"author":2,"featured_media":0,"parent":0,"menu_order":0,"comment_status":"open","ping_status":"open","template":"","meta":{"_monsterinsights_skip_tracking":false,"_monsterinsights_sitenote_active":false,"_monsterinsights_sitenote_note":"","_monsterinsights_sitenote_category":0,"footnotes":""},"class_list":["post-252","page","type-page","status-publish","hentry"],"_links":{"self":[{"href":"https:\/\/maennerschmie.de\/index.php\/wp-json\/wp\/v2\/pages\/252","targetHints":{"allow":["GET"]}}],"collection":[{"href":"https:\/\/maennerschmie.de\/index.php\/wp-json\/wp\/v2\/pages"}],"about":[{"href":"https:\/\/maennerschmie.de\/index.php\/wp-json\/wp\/v2\/types\/page"}],"author":[{"embeddable":true,"href":"https:\/\/maennerschmie.de\/index.php\/wp-json\/wp\/v2\/users\/2"}],"replies":[{"embeddable":true,"href":"https:\/\/maennerschmie.de\/index.php\/wp-json\/wp\/v2\/comments?post=252"}],"version-history":[{"count":0,"href":"https:\/\/maennerschmie.de\/index.php\/wp-json\/wp\/v2\/pages\/252\/revisions"}],"wp:attachment":[{"href":"https:\/\/maennerschmie.de\/index.php\/wp-json\/wp\/v2\/media?parent=252"}],"curies":[{"name":"wp","href":"https:\/\/api.w.org\/{rel}","templated":true}]}}