{"id":246,"date":"2011-09-06T18:17:46","date_gmt":"2011-09-06T16:17:46","guid":{"rendered":"https:\/\/iuaviabelfjea.byteway.dev\/?page_id=246"},"modified":"2025-10-01T15:23:51","modified_gmt":"2025-10-01T13:23:51","slug":"mannerseminare-in-bayern","status":"publish","type":"page","link":"https:\/\/maennerschmie.de\/index.php\/mannerseminare-in-bayern\/","title":{"rendered":"M\u00e4nnerseminare in Bayern"},"content":{"rendered":"<p><a href=\"https:\/\/iuaviabelfjea.byteway.dev\/wp-content\/uploads\/2017\/06\/IMG_0140.jpg\" data-src=\"https:\/\/iuaviabelfjea.byteway.dev\/wp-content\/uploads\/2017\/06\/IMG_0140.jpg\" data-thumb=\"https:\/\/iuaviabelfjea.byteway.dev\/wp-content\/uploads\/2017\/06\/IMG_0140-300x300.jpg\" class=\"ml-lightbox-enabled\"><img loading=\"lazy\" decoding=\"async\" class=\"size-medium wp-image-946 alignright\" src=\"https:\/\/iuaviabelfjea.byteway.dev\/wp-content\/uploads\/2017\/06\/IMG_0140-300x300.jpg\" alt=\"\" width=\"300\" height=\"300\" srcset=\"https:\/\/maennerschmie.de\/wp-content\/uploads\/2017\/06\/IMG_0140-300x300.jpg 300w, https:\/\/maennerschmie.de\/wp-content\/uploads\/2017\/06\/IMG_0140-150x150.jpg 150w, https:\/\/maennerschmie.de\/wp-content\/uploads\/2017\/06\/IMG_0140-270x270.jpg 270w, https:\/\/maennerschmie.de\/wp-content\/uploads\/2017\/06\/IMG_0140-230x230.jpg 230w, https:\/\/maennerschmie.de\/wp-content\/uploads\/2017\/06\/IMG_0140.jpg 500w\" sizes=\"auto, (max-width: 300px) 100vw, 300px\" \/><\/a><\/p>\n<p>Die Basis unserer Arbeit im M\u00e4nnerseminar ist das Vertrauen: Wir sind keine Stars, wir sind keine Helden, wir sind alle ganz normale M\u00e4nner, die Sorgen und Probleme haben. Manche m\u00f6gen leicht erscheinen, andere un\u00fcberwindbar. Aber im Team erarbeiten wir L\u00f6sungen w\u00e4hrend des M\u00e4nnerseminars.<\/p>\n<p>Besser als Stuhlkreis, B\u00e4ume umarmen, Trommeln f\u00fcr den Weltfrieden&#8230;: In unserem M\u00e4nnerseminar packen wir Probleme an, um sie zu l\u00f6sen. Wir M\u00e4nner im M\u00e4nnerseminar sind pragmatisch: Wir stellen uns unseren Aufgaben, wir packen gemeinsam Probleme an, wir erarbeiten L\u00f6sungswege. Gehen musst Du diese L\u00f6sungswege selbst.<\/p>\n<p><strong>Ein M\u00e4nnerseminar beginnt bei Ihnen selbst. Ohne Schnickschnack.<\/strong><\/p>\n<p>In der Regel funktioniert ein M\u00e4nner-Seminar so, dass es einen Referenten gibt, der sich in ein Thema eingearbeitet hat. Bei unserem M\u00e4nner-Seminar sind Sie der Referent. Es ist Ihr Thema, und niemand kann das besser darstellen als Sie selbst.<\/p>\n<p><strong>Die eigentliche Leistung<\/strong><\/p>\n<p>Die anschlie\u00dfende Diskussion und Reflexion ist das eigentlich wertvolle am M\u00e4nnerseminar: Ihre Wirkung, im positiven wie im negativen Spiel, die anderen Seminarteilnehmer. Sie erhalten unmittelbares Feedback. In der Regel stellen wir das Problem auch systemisch auf. Was die Repr\u00e4sentanten dann f\u00fchlen, ist wertvolle Erfahrung, die Sie auch umsetzen k\u00f6nnen.<\/p>\n<p>Denn ab hier geht\u2019s erst richtig los: Was hat bislang gefehlt, von wo ab wurde der Karren in den Dreck gefahren? Nicht zur\u00fcck und mit Vollgas noch mal rein, sondern die Abzweigung suchen und beachten, was auf dem neuen Wegst\u00fcck anders sein wird.<\/p>\n<p>Denn jeder Einzelne von uns, wir M\u00e4nner-Coaches wie die anderen Teilnehmer selbst, sind \u00e4hnliche Wege gegangen und haben uns oft verirrt. Den Unterschied machen Sie f\u00fcr sich, indem Sie sicch auf die Erfahrung und Empfehlungen von uns Coaches f\u00fcr M\u00e4nner und den anderen Teilnehmer einlassen, pr\u00fcfen und annehmen, was f\u00fcr Sie wertvoll ist.<\/p>\n<p>Spannend sind auch immer die Beitr\u00e4ge der \u00fcbrigen Seminarteilnehmer: aus eigener Erfahrung wissen wir, dass gerade die M\u00e4nner-Themen der vermeintlich langweiligsten M\u00e4nner enormes Potential f\u00fcr uns selbst beinhalten. So wachsen bei uns auch Freundschaften.<\/p>\n<p>Unser M\u00e4nnerseminar ist weit mehr, als Fluchten in Arbeit, Alkohol, Sex, Extremsport, Reisen etc. je leisten k\u00f6nnen: Es ist m\u00e4nnlich und macht gl\u00fccklich.<\/p>\n<p><strong>Unser M\u00e4nnerseminar baut sich logisch auf.<\/strong><\/p>\n<p>Wir haben unser M\u00e4nnerseminar der M\u00e4nnerschmie.de versucht, logisch aufzubauen und jeden Lebensbereich eines Mannes mitzunehmen. Nach unserem Einf\u00fchrungsabend (Freitag, locker) geht es dann \u2013 im Auswahlverfahren f\u00fcr jeden Teilnehmer \u2013 monatlich in die einzelnen Bereiche:<\/p>\n<ul>\n<li>Gegenwart und Zukunftspotenziale: Beruf(ung) | F\u00fchrung | Macht<\/li>\n<li>vir bonus -besserer Selbst&amp;Wert als Mann<\/li>\n<li>Miteinander: als Paar, Beziehung | Schattenarbeit | Sexualit\u00e4t<\/li>\n<li>M\u00e4nnliche Perspektiven und Kommunikation<\/li>\n<\/ul>\n<p>\u00dcberzeugt? <a href=\"https:\/\/iuaviabelfjea.byteway.dev\/index.php\/das-trainingder-workshop\/\"><strong>Zur \u00dcbersicht und Anmeldung &#8211; hier lang<\/strong><\/a><\/p>\n<p><span style=\"font-size: inherit;\">Unser M\u00e4nnerworkshop hat den Vorteil, dass wir diese Themen aus der Sicht eines Mannes angehen und Sie nicht w\u00e4hrend und nach dem Seminar einen Transfer von einer allgemeing\u00fcltigen Sichtweise zu einer allgemeinen m\u00e4nnlichen Sichtweise machen m\u00fcssen. Wir sind M\u00e4nner, sind Individualisten und bei uns steht der einzelne Mann im Mittelpunkt. Das sind SIE &#8211; Ohne Wenn und Aber.<\/span><\/p>\n<h6>Bayern beinhaltet unter anderem folgende Orte: M\u00fcnchen, Regensburg; N\u00fcrnberg; W\u00fcrzburg, Erlangen; Augsburg; Bad T\u00f6lz; Garmisch-Partenkirchen; Starnberg; Bayreuth; Landshut; Ansbach; Ingolstadt; F\u00dcrth; Bamberg; Aschaffenburg; Kempten; Rosenheim; Schweinfurth; Neu-Ulm; Passau; Hof; Freising; Straubing; Amberg; Weiden in der Oberpfalz; Kaufbeuren; Coburg; Memmingen; Neumarkt in der Oberfpalz; Dachau; Schwabach; Germering; Deggendorf; F\u00fcrstenfeldbruck; Forchheim; Kulmbach; Schwandorf; Neuburg an der Donau; Landsberg am Lech; Lindau; Kitzingen; Bad Kissingen; G\u00fcnzburg; N\u00f6rdlingen; Dillingen an der Donau; Traunstein; Bad Reichenhall; Donauw\u00f6rth; Marktredwitz; Weissenburg in Bayern; Selb; Neustadt bei Coburg; Eichst\u00e4tt; Dinkelsb\u00fchl; Rothenburg ob der Tauber.<\/h6>\n","protected":false},"excerpt":{"rendered":"<p>Die Basis unserer Arbeit im M\u00e4nnerseminar ist das Vertrauen: Wir sind keine Stars, wir sind keine Helden, wir sind alle ganz normale M\u00e4nner, die Sorgen und Probleme haben. Manche m\u00f6gen leicht erscheinen, andere un\u00fcberwindbar. Aber im Team erarbeiten wir L\u00f6sungen w\u00e4hrend des M\u00e4nnerseminars. Besser als Stuhlkreis, B\u00e4ume umarmen, Trommeln f\u00fcr den Weltfrieden&#8230;: In unserem M\u00e4nnerseminar [&hellip;]<\/p>\n","protected":false},"author":2,"featured_media":0,"parent":0,"menu_order":0,"comment_status":"open","ping_status":"open","template":"","meta":{"_monsterinsights_skip_tracking":false,"_monsterinsights_sitenote_active":false,"_monsterinsights_sitenote_note":"","_monsterinsights_sitenote_category":0,"footnotes":""},"class_list":["post-246","page","type-page","status-publish","hentry"],"_links":{"self":[{"href":"https:\/\/maennerschmie.de\/index.php\/wp-json\/wp\/v2\/pages\/246","targetHints":{"allow":["GET"]}}],"collection":[{"href":"https:\/\/maennerschmie.de\/index.php\/wp-json\/wp\/v2\/pages"}],"about":[{"href":"https:\/\/maennerschmie.de\/index.php\/wp-json\/wp\/v2\/types\/page"}],"author":[{"embeddable":true,"href":"https:\/\/maennerschmie.de\/index.php\/wp-json\/wp\/v2\/users\/2"}],"replies":[{"embeddable":true,"href":"https:\/\/maennerschmie.de\/index.php\/wp-json\/wp\/v2\/comments?post=246"}],"version-history":[{"count":3,"href":"https:\/\/maennerschmie.de\/index.php\/wp-json\/wp\/v2\/pages\/246\/revisions"}],"predecessor-version":[{"id":2504,"href":"https:\/\/maennerschmie.de\/index.php\/wp-json\/wp\/v2\/pages\/246\/revisions\/2504"}],"wp:attachment":[{"href":"https:\/\/maennerschmie.de\/index.php\/wp-json\/wp\/v2\/media?parent=246"}],"curies":[{"name":"wp","href":"https:\/\/api.w.org\/{rel}","templated":true}]}}