{"id":24,"date":"2011-06-23T10:57:05","date_gmt":"2011-06-23T08:57:05","guid":{"rendered":"https:\/\/iuaviabelfjea.byteway.dev\/?page_id=24"},"modified":"2020-09-28T15:07:06","modified_gmt":"2020-09-28T13:07:06","slug":"wir-uber-uns","status":"publish","type":"page","link":"https:\/\/maennerschmie.de\/index.php\/wir-uber-uns\/","title":{"rendered":"\u00dcber uns"},"content":{"rendered":"<p>Wir sind M\u00e4nner, die gern mit M\u00e4nnern arbeiten. Nicht nur, aber immer mehr. Und wir wissen, wie wohltuend es ist, in einer Gruppe von M\u00e4nnern unterwegs zu sein, die sich nicht nur treffen, um einem gemeinsamen Hobby nachzugehen. Hauptgrund ist die Weiterentwicklung der Pers\u00f6nlichkeit mit individuellem Ziel.<br \/>\n<strong><br \/>\nAlleine unter M\u00e4nnern. Gemeinsam unter M\u00e4nnern.<\/strong><\/p>\n<p>M\u00e4nner, von denen jeder sein pers\u00f6nliches Wachstums- und Entwicklungsziel mitbringt, bilden eine sehr gute Basis f\u00fcr eine wohltuende Zusammenarbeit. Zum einen, weil eine Gruppe einen sicheren Rahmen bildet. Zum anderen, weil hier nicht Konkurrenz und Wettbewerb im Vordergrund stehen, sondern jeder Teilnehmer als Mann und Mensch.<\/p>\n<p>Wir haben Erfahrungen sowohl in der Weiterbildung als auch mit M\u00e4nnergruppen. Und wir haben unseren Stil und unsere Vision. Die wir hier einbringen, um M\u00e4nnern wieder ihren Weg zu zeigen.<\/p>\n<p><strong><em>Die Basis: Das Vertrauen!<\/em><\/strong><\/p>\n<p>Es gibt wenige Institutionen, in denen M\u00e4nner offen und frei kommunizieren k\u00f6nnen. Wir orientieren uns im Umgang miteinander an \u201cBruderschaften\u201c.<\/p>\n<p>Wir wollen f\u00fcreinander mehr sein als Kollegen, Sportsfreunde, Kumpel oder &#8230;<\/p>\n<p>Was uns mit den Teilnehmern und die Teilnehmer untereinander verbindet, ist der besondere Umgang miteinander: Getragen von tiefem Respekt f\u00fcr die Werte und Gef\u00fchle des anderen, der Orientierung am gemeinsamen Ziel und dem Wissen, dass jeder in den Workshops sein Bestes gibt: Aufmerksamkeit, Wohlwollen, eben mit ganzem Herzen und Verstand \u201ebei der Sache\u201c ist: Ein \u201e<em><span style=\"text-decoration: underline;\">Guter Mann\u201c zu werden, f\u00fcr sich und andere<\/span><\/em>.<\/p>\n<p><strong>Die Vorgehensweise: Nichts f\u00fcr Angsthasen<\/strong><\/p>\n<p>Wir sind professionelle Coaches mit langj\u00e4hrigen Erfahrungen und profunden Ausbildungen. Wir coachen. Das heisst, wir begleiten andere M\u00e4nner punktuell auf ihrem Weg &#8211; entweder in Form der ausgeschriebenen Seminare oder in Einzelsitzungen. Coaching bedeutet f\u00fcr uns eine Zusammenarbeit mit maximal 15 Sitzungen. Wir kennen auch unsere Grenzen. Und den Beginn einer therapeutischen Arbeit. Und wir scheuen uns auch nicht, das auszusprechen: Wenn in unseren Augen eine Therapie besser w\u00e4re als unser coachendes Begleiten. Daf\u00fcr haben wir auch in entsprechendes Netzwerk.<\/p>\n<p>Und vielleicht doch &#8220;Nichts f\u00fcr Angsthasen&#8221;? M\u00e4nner tun sich in ihrer Ver\u00e4nderung schwerer als Frauen. Vielleicht liegt es daran, dass viele Eltern besonderen Wert auf die &#8220;Verbiegung&#8221; der kleinen, wilden, lauten und rauhen Kerle gelegt haben um sie zahm, angepasst, freundlich und still zu bekommen. Ja, vielleicht liegt es daran. Auf jeden Fall kostet es f\u00fcr M\u00e4nner mehr \u00dcberwindung als f\u00fcr Frauen. Und f\u00fcr diejenigen, die sich dem stellen, haben wir tiefsten Respekt und Bewunderung.<\/p>\n","protected":false},"excerpt":{"rendered":"<p>Wir sind M\u00e4nner, die gern mit M\u00e4nnern arbeiten. Nicht nur, aber immer mehr. Und wir wissen, wie wohltuend es ist, in einer Gruppe von M\u00e4nnern unterwegs zu sein, die sich nicht nur treffen, um einem gemeinsamen Hobby nachzugehen. Hauptgrund ist die Weiterentwicklung der Pers\u00f6nlichkeit mit individuellem Ziel. Alleine unter M\u00e4nnern. Gemeinsam unter M\u00e4nnern. M\u00e4nner, von [&hellip;]<\/p>\n","protected":false},"author":2,"featured_media":0,"parent":0,"menu_order":2,"comment_status":"open","ping_status":"open","template":"","meta":{"_monsterinsights_skip_tracking":false,"_monsterinsights_sitenote_active":false,"_monsterinsights_sitenote_note":"","_monsterinsights_sitenote_category":0,"footnotes":""},"class_list":["post-24","page","type-page","status-publish","hentry"],"_links":{"self":[{"href":"https:\/\/maennerschmie.de\/index.php\/wp-json\/wp\/v2\/pages\/24","targetHints":{"allow":["GET"]}}],"collection":[{"href":"https:\/\/maennerschmie.de\/index.php\/wp-json\/wp\/v2\/pages"}],"about":[{"href":"https:\/\/maennerschmie.de\/index.php\/wp-json\/wp\/v2\/types\/page"}],"author":[{"embeddable":true,"href":"https:\/\/maennerschmie.de\/index.php\/wp-json\/wp\/v2\/users\/2"}],"replies":[{"embeddable":true,"href":"https:\/\/maennerschmie.de\/index.php\/wp-json\/wp\/v2\/comments?post=24"}],"version-history":[{"count":0,"href":"https:\/\/maennerschmie.de\/index.php\/wp-json\/wp\/v2\/pages\/24\/revisions"}],"wp:attachment":[{"href":"https:\/\/maennerschmie.de\/index.php\/wp-json\/wp\/v2\/media?parent=24"}],"curies":[{"name":"wp","href":"https:\/\/api.w.org\/{rel}","templated":true}]}}